pose 2*v - 2125 = 3*l - 14394, 0 = -l - 4*v + 4099. What is the units digit of l?
1
Let k(y) = 2*y**2 + 1 + 2*y + 0*y**2 - 4*y**2 - y**2. Let t be k(-1). What is the tens digit of ((-73)/2)/(t/8)?
7
Let i(n) = n**2 - 22*n + 7. Let q be i(23). Suppose -29*c + q*c - 1276 = 0. What is the tens digit of c?
7
Suppose -11*n + 34170 = 5*n - 11*n. What is the thousands digit of n?
6
Let k be 12/24*(2 - (-17 - 3)). Suppose k*w - 5*w = 2442. What is the units digit of w?
7
Let p = 224 - 197. Let s(v) = 19*v + 206. What is the units digit of s(p)?
9
Let x = 3240 - 2012. What is the tens digit of x?
2
What is the thousands digit of (-215)/129*44964/(-15)?
4
Let u be (3 - -3) + -2 - 12. Let y be -4 - (u + 16/4). Suppose -o + 5*x = 4*o - 115, y = 2*x - 6. What is the units digit of o?
6
Let z = -254 + 256. Suppose 4*k - 2972 = -4*d, -z*d - 728 = 4*k - 5*k. What is the units digit of k?
8
Let p(x) = x**2 + 22*x + 22. Let g be p(-21). What is the tens digit of (g/3)/(12/4284)?
1
Suppose j = -j + 5*k - 108, j + 32 = -3*k. Let g be j/(-154)*2*7. Suppose -114 = -2*n + g. What is the tens digit of n?
5
Let v = -64 + 80. What is the units digit of (-51)/(-136) + 7306/v?
7
Suppose -9840 = -17*n + 11*n. Suppose -28*o = n - 33476. What is the tens digit of o?
3
Let h(b) be the third derivative of 17*b**5/30 + 5*b**4/8 + 4*b**3 + 68*b**2. What is the units digit of h(-2)?
0
Suppose 1 = -z + 5*v - 18, 3*z + 47 = 5*v. Let f be (-1 + -9)/(z/7). Suppose -20 = -f*m + 3*m. What is the units digit of m?
0
Let l be (-4)/(-8)*-2 + -6. What is the tens digit of (-2)/l - (-55890)/189?
9
What is the units digit of (-1)/(5/(-50170)) + 1 + -9 + -9?
7
What is the units digit of 616348/3*9/108 + 20/90?
1
Let d(s) = -s**3 + 17*s**2 + s + 96. What is the thousands digit of d(-10)?
2
Suppose -5*k = -4*i - 1999, -15*k - 2*i = -12*k - 1195. What is the tens digit of k?
9
Let l = 8197 - -2902. What is the hundreds digit of l?
0
Suppose -30 = -40*z + 34*z. Suppose 0 = n + n + 3*x - 909, -4*n = -z*x - 1873. What is the units digit of n?
2
Let v be -1*((-3)/(-9) + (-56)/(-12)). Let d be 54/30*v/(-3). Suppose 6*p - 2*l - 600 = p, -d*p - 2*l + 344 = 0. What is the hundreds digit of p?
1
Let p(k) = -k**3 + 7*k**2 + 14*k + 6. Let l be p(8). Let d = l + -36. Suppose 42 = 2*v + d. What is the units digit of v?
2
Suppose -363*n + 386*n - 83375 = 0. What is the units digit of n?
5
Suppose 0 = 4*h - 148 - 4. Suppose -3*y + 2*n - 39 = -n, -4*y - 3*n - 45 = 0. Let p = h - y. What is the tens digit of p?
5
Let w(g) be the third derivative of g**5/12 + 5*g**4/24 + g**3/6 + 103*g**2. What is the tens digit of w(-13)?
8
Let m = 39360 - 21148. What is the tens digit of m?
1
Suppose -30*c + 34263 + 24387 = 0. What is the hundreds digit of c?
9
Let b(x) = 7*x**2 - 172*x + 32. What is the tens digit of b(44)?
1
Suppose -27*n - 15*n - 126 = 0. Let o(k) = 74*k**2 + 1. What is the units digit of o(n)?
7
Suppose -3319 = v + 3*x - x, -2*v - 6662 = -4*x. Let k = -2292 - v. What is the hundreds digit of k?
0
Suppose 5*i = 2*v - 6, 4*i + 5*v - 11 = 4. Suppose i*g - 6 = -2*g, 2 = j - 3*g. Suppose 0 = -s + j*s - 1850. What is the tens digit of s?
8
Suppose -b + 61920 + 56441 = 4*v, b - 88769 = -3*v. What is the ten thousands digit of v?
2
Let i = -12895 + 41166. What is the thousands digit of i?
8
Suppose -j + 14 = -4*a, -3*j + 11 - 2 = -a. Suppose j*s + 0*l + 3*l = 97, -4*s + 3*l = -203. Suppose -s = -5*t - 0. What is the tens digit of t?
1
Suppose -2*y + 18144 = 3*n, 5*y - 208 = -223. What is the units digit of n?
0
Let a(l) = -3*l**2 + 47*l + 7205. What is the hundreds digit of a(0)?
2
Let q = -15591 - -31226. What is the ten thousands digit of q?
1
What is the tens digit of 26149 + 9/(-6)*80/15?
4
Suppose 27 = 4*b + 95. Let x = -19 - b. What is the units digit of x/(3*2/(-276))?
2
Suppose 2*y = -w + 14366, -5*y + 25703 = 4*w - 10203. What is the thousands digit of y?
7
Let o be ((-162)/(-8))/((-23)/(-92)). Suppose 6*z - 87 - o = 0. What is the tens digit of z?
2
Let n = -1657 - -13546. What is the ten thousands digit of n?
1
Let j = -42 - -14. Let z be 7/(j/60)*(-10)/25. Suppose 4*h - y - 724 = 0, 2*h + z*y = 10*y + 362. What is the tens digit of h?
8
Suppose -5*m + 90589 = -2*o, m - 8588 = -5*o + 9519. What is the ten thousands digit of m?
1
Let q = 16335 + 19354. What is the hundreds digit of q?
6
Let z = -14342 - -46149. What is the units digit of z?
7
Let f(j) = -10*j - 65. Let i be f(-7). Suppose 10*k - i*k = 2310. What is the hundreds digit of k?
4
Let o(s) = 12*s**2 + 21*s - 5. Let y be (-6)/(-4 + 1 + 2). What is the hundreds digit of o(y)?
5
Let r(q) = -1002*q - 5551. What is the ten thousands digit of r(-60)?
5
Suppose 3 - 5 = o. Let w(v) = -2*v**2 - 2*v**2 + v**2 + 666*v**3 - 676*v**3. What is the tens digit of w(o)?
6
Suppose 30*g + 12 = 34*g. Suppose 753 = 3*x + 5*t, 0*t + 3*t = g*x - 729. Suppose 4*s = s + x. What is the tens digit of s?
8
Suppose -c + 14 = -2*c. Let z(p) be the third derivative of p**6/120 + p**5/4 + p**4/3 - p**3 - 2*p**2. What is the units digit of z(c)?
8
Suppose 0 = 3*s + 2*n + 3*n - 11, 3*s = -n - 5. What is the tens digit of (-54)/36*926/s?
6
Let g(j) = -13*j**2 - 1229*j - 245. Let f be g(-94). Let s be (1 + 304/(-10))*-20. Let v = s - f. What is the tens digit of v?
7
Let c be 2 + -7 - 60/(-2). Suppose -c = -8*n + 7. Let v(m) = 26*m - 31. What is the units digit of v(n)?
3
Suppose -1 = -l - o - 0, -5*l + 21 = -3*o. Suppose 2*t + 2 = 0, 3*a - 4*a = 2*t - l. What is the units digit of a/(-2)*836/(-55)?
8
Let n = 13755 + 12236. What is the thousands digit of n?
5
Let k(j) be the third derivative of j**6/180 + 73*j**4/24 - 11*j**3/6 + 4*j**2. Let n(g) be the first derivative of k(g). What is the tens digit of n(0)?
7
Let z be (-451*(-18)/45)/(4/10). Suppose 3*r = 4*f + z, 296 = 2*r - 3*f + 5*f. What is the units digit of r?
9
Let b = -33360 + 80005. What is the thousands digit of b?
6
Suppose -32*u - 19 = 13. Let z(h) = -622*h**3 - 4*h**2 - 2*h + 1. What is the tens digit of z(u)?
2
Let z(w) = 340*w**3 + 9*w**2 - 13*w - 1. What is the thousands digit of z(2)?
2
Let a = 760 - 755. Suppose 3*q - 1048 = -4*g + 298, -a*g + q + 1692 = 0. What is the hundreds digit of g?
3
Suppose -397171 - 520612 = -66*x - 363383. What is the hundreds digit of x?
4
Let m be 270/2 - (-1 + 1). Suppose -2*f + 6*y - 18 = 0, f = -y - 2*y + 21. What is the units digit of (-128)/f*m/(-20)?
4
Suppose -4*z = 0, 3*z + 9896 = -4*o + 4*z + 89484. What is the tens digit of o?
9
Let f(r) = 39*r**2 - 39*r + 70. What is the thousands digit of f(-13)?
7
Let f(q) = 14 + 28 - 25 + 30 - q. What is the units digit of f(-32)?
9
Let f = -9685 + 4382. Let h = -3279 - f. What is the tens digit of h?
2
Let j = 663 - 660. Suppose q + 2*y + 0*y - 800 = 0, q + j*y = 801. What is the hundreds digit of q?
7
Let o(w) = -52*w - 32. Let m be o(-6). What is the tens digit of 80280/m + 4/14?
8
Let d(n) = 14*n + 104. Let h be d(-7). What is the tens digit of ((122/h)/1)/(9/54)?
2
Let a(x) = 18 - 4*x**3 + x**3 + 14*x + x**2 + 10 - 5*x. Let p(b) = -4*b**3 + b**2 + 9*b + 29. Let c(s) = -5*a(s) + 4*p(s). What is the hundreds digit of c(-5)?
1
Let c(z) = 28*z + 59. Let d be c(4). Suppose 17*s = 186 + d. What is the units digit of s?
1
Suppose 16 = -23*d + 27*d. Let w be -2 + (-2)/d + 371/14. Let j = w + 0. What is the units digit of j?
4
What is the units digit of -26 + 18*219267/54?
3
Suppose -4*a - 2*r = -4, -7*a + 3*r = -8*a + 6. Suppose 0 = -16*t - a*t + 10048. What is the tens digit of t?
2
Suppose 5*o + 10 = 0, -2*o = 4*a - 6*o - 16. Suppose -11 = -a*j - d + 1, -2*j + 4*d = -22. Suppose -j + 196 = s. What is the tens digit of s?
8
Suppose 0*t + 101 = -2*t + 3*r, -2*r = 5*t + 281. Let z = t + 91. What is the tens digit of z?
3
Suppose -j - 6 = 3*h, j - 1 + 7 = 2*h. Let z(n) = -73*n + 14 + 18*n + 22*n + 25*n + n**3 + 5*n**2. What is the units digit of z(j)?
6
Let k = 1545 + -970. Let v(o) = 9*o**3 - o**2 - 2*o + 1. Let x be v(3). Suppose -2*a + 9 = 4*b - x, -k = -5*a - 5*b. What is the hundreds digit of a?
1
Suppose 2*w - 7*w - 5*s + 420 = 0, -354 = -4*w + 2*s. What is the units digit of 1 - (12 - 6) - -2*w?
9
Let x = 271 - 109. Suppose -x = -4*o + 3*o. Suppose 18 + o = 2*z. What is the tens digit of z?
9
Let u be (-3)/(-2)*312/26. Suppo